CRAN Package Check Results for Package eesim

Last updated on 2022-12-04 09:55:16 CET.

Flavor Version Tinstall Tcheck Ttotal Status Flags
r-devel-linux-x86_64-debian-clang 0.1.0 5.54 282.77 288.31 NOTE
r-devel-linux-x86_64-debian-gcc 0.1.0 4.87 213.90 218.77 NOTE
r-devel-linux-x86_64-fedora-clang 0.1.0 358.06 NOTE
r-devel-linux-x86_64-fedora-gcc 0.1.0 355.87 NOTE
r-devel-windows-x86_64 0.1.0 10.00 330.00 340.00 NOTE
r-patched-linux-x86_64 0.1.0 5.94 275.57 281.51 NOTE
r-release-linux-x86_64 0.1.0 6.19 282.75 288.94 NOTE
r-release-macos-arm64 0.1.0 153.00 NOTE
r-release-macos-x86_64 0.1.0 237.00 NOTE
r-release-windows-x86_64 0.1.0 21.00 352.00 373.00 NOTE
r-oldrel-macos-arm64 0.1.0 234.00 NOTE
r-oldrel-macos-x86_64 0.1.0 252.00 NOTE
r-oldrel-windows-ix86+x86_64 0.1.0 14.00 343.00 357.00 NOTE

Check Details

Version: 0.1.0
Check: LazyData
Result: NOTE
     'LazyData' is specified without a 'data' directory
Flavors: r-devel-linux-x86_64-debian-clang, r-devel-linux-x86_64-debian-gcc, r-devel-linux-x86_64-fedora-clang, r-devel-linux-x86_64-fedora-gcc, r-devel-windows-x86_64, r-patched-linux-x86_64, r-release-linux-x86_64, r-release-macos-arm64, r-release-macos-x86_64, r-release-windows-x86_64, r-oldrel-macos-arm64, r-oldrel-macos-x86_64, r-oldrel-windows-ix86+x86_64