Last updated on 2022-07-02 10:49:28 CEST.
Flavor | Version | Tinstall | Tcheck | Ttotal | Status | Flags |
---|---|---|---|---|---|---|
r-devel-linux-x86_64-debian-clang | 1.0.11 | 16.85 | 215.75 | 232.60 | OK | |
r-devel-linux-x86_64-debian-gcc | 1.0.11 | 13.03 | 155.16 | 168.19 | OK | |
r-devel-linux-x86_64-fedora-clang | 1.0.11 | 288.98 | WARN | |||
r-devel-linux-x86_64-fedora-gcc | 1.0.11 | 286.75 | WARN | |||
r-devel-windows-x86_64 | 1.0.11 | 22.00 | 220.00 | 242.00 | OK | |
r-patched-linux-x86_64 | 1.0.11 | 16.26 | 201.68 | 217.94 | OK | |
r-release-linux-x86_64 | 1.0.11 | 16.57 | 196.90 | 213.47 | OK | |
r-release-macos-arm64 | 1.0.11 | 76.00 | OK | |||
r-release-macos-x86_64 | 1.0.11 | 128.00 | OK | |||
r-release-windows-x86_64 | 1.0.11 | 39.00 | 215.00 | 254.00 | OK | |
r-oldrel-macos-arm64 | 1.0.11 | 80.00 | OK | |||
r-oldrel-macos-x86_64 | 1.0.11 | 140.00 | OK | |||
r-oldrel-windows-ix86+x86_64 | 1.0.11 | 37.00 | 215.00 | 252.00 | OK |
Version: 1.0.11
Check: package dependencies
Result: WARN
Requires (indirectly) orphaned package: ‘gtools’
Flavors: r-devel-linux-x86_64-fedora-clang, r-devel-linux-x86_64-fedora-gcc