CRAN Package Check Results for Package economiccomplexity

Last updated on 2022-11-28 09:50:43 CET.

Flavor Version Tinstall Tcheck Ttotal Status Flags
r-devel-linux-x86_64-debian-clang 1.4.0 8.47 163.76 172.23 OK
r-devel-linux-x86_64-debian-gcc 1.4.0 8.31 127.01 135.32 OK
r-devel-linux-x86_64-fedora-clang 1.4.0 226.27 NOTE
r-devel-linux-x86_64-fedora-gcc 1.4.0 239.11 NOTE
r-devel-windows-x86_64 1.4.0 114.00 211.00 325.00 OK
r-patched-linux-x86_64 1.4.0 9.39 157.11 166.50 OK
r-release-linux-x86_64 1.4.0 9.50 156.72 166.22 OK
r-release-macos-arm64 1.4.0 69.00 NOTE
r-release-macos-x86_64 1.4.0 100.00 NOTE
r-release-windows-x86_64 1.4.0 56.00 213.00 269.00 OK
r-oldrel-macos-arm64 1.4.0 65.00 NOTE
r-oldrel-macos-x86_64 1.4.0 101.00 NOTE
r-oldrel-windows-ix86+x86_64 1.4.0 22.00 200.00 222.00 OK

Check Details

Version: 1.4.0
Check: dependencies in R code
Result: NOTE
    Namespace in Imports field not imported from: ‘Rdpack’
     All declared Imports should be used.
Flavors: r-devel-linux-x86_64-fedora-clang, r-devel-linux-x86_64-fedora-gcc, r-release-macos-arm64, r-release-macos-x86_64, r-oldrel-macos-arm64, r-oldrel-macos-x86_64