CRAN Package Check Results for Package ebirdst

Last updated on 2022-01-27 09:49:30 CET.

Flavor Version Tinstall Tcheck Ttotal Status Flags
r-devel-linux-x86_64-debian-clang 0.3.3 6.32 83.86 90.18 OK
r-devel-linux-x86_64-debian-gcc 0.3.3 5.76 64.02 69.78 OK
r-devel-linux-x86_64-fedora-clang 0.3.3 108.58 NOTE
r-devel-linux-x86_64-fedora-gcc 0.3.3 104.67 NOTE
r-devel-windows-x86_64-new-UL 0.3.3 67.00 150.00 217.00 OK
r-devel-windows-x86_64-new-TK 0.3.3 NOTE
r-patched-linux-x86_64 0.3.3 11.29 79.75 91.04 OK
r-release-linux-x86_64 0.3.3 7.73 82.18 89.91 OK
r-release-macos-arm64 0.3.3 NOTE
r-release-macos-x86_64 0.3.3 NOTE
r-release-windows-ix86+x86_64 0.3.3 13.00 106.00 119.00 OK
r-oldrel-macos-x86_64 0.3.3 NOTE
r-oldrel-windows-ix86+x86_64 0.3.3 13.00 107.00 120.00 OK

Check Details

Version: 0.3.3
Check: dependencies in R code
Result: NOTE
    Namespaces in Imports field not imported from:
     ‘methods’ ‘rappdirs’ ‘rgdal’ ‘tools’ ‘xml2’
     All declared Imports should be used.
Flavors: r-devel-linux-x86_64-fedora-clang, r-devel-linux-x86_64-fedora-gcc, r-devel-windows-x86_64-new-TK, r-release-macos-arm64, r-release-macos-x86_64, r-oldrel-macos-x86_64