CRAN Package Check Results for Package eatATA

Last updated on 2022-12-03 10:51:18 CET.

Flavor Version Tinstall Tcheck Ttotal Status Flags
r-devel-linux-x86_64-debian-clang 1.1.1 4.78 65.23 70.01 NOTE
r-devel-linux-x86_64-debian-gcc 1.1.1 3.47 49.18 52.65 NOTE
r-devel-linux-x86_64-fedora-clang 1.1.1 99.76 NOTE
r-devel-linux-x86_64-fedora-gcc 1.1.1 116.46 NOTE
r-devel-windows-x86_64 1.1.1 36.00 114.00 150.00 NOTE
r-patched-linux-x86_64 1.1.1 4.36 59.19 63.55 NOTE
r-release-linux-x86_64 1.1.1 4.24 56.42 60.66 NOTE
r-release-macos-arm64 1.1.1 31.00 NOTE
r-release-macos-x86_64 1.1.1 54.00 NOTE
r-release-windows-x86_64 1.1.1 44.00 117.00 161.00 NOTE
r-oldrel-macos-arm64 1.1.1 41.00 NOTE
r-oldrel-macos-x86_64 1.1.1 49.00 NOTE
r-oldrel-windows-ix86+x86_64 1.1.1 10.00 130.00 140.00 NOTE

Check Details

Version: 1.1.1
Check: package dependencies
Result: NOTE
    Package which this enhances but not available for checking: 'gurobi'
Flavors: r-devel-linux-x86_64-debian-clang, r-devel-linux-x86_64-debian-gcc, r-devel-linux-x86_64-fedora-clang, r-devel-linux-x86_64-fedora-gcc, r-devel-windows-x86_64, r-patched-linux-x86_64, r-release-linux-x86_64, r-release-macos-arm64, r-release-macos-x86_64, r-release-windows-x86_64, r-oldrel-macos-arm64, r-oldrel-macos-x86_64, r-oldrel-windows-ix86+x86_64