CRAN Package Check Results for Package easypackages

Last updated on 2023-02-06 09:55:41 CET.

Flavor Version Tinstall Tcheck Ttotal Status Flags
r-devel-linux-x86_64-debian-clang 0.1.0 7.62 65.71 73.33 NOTE
r-devel-linux-x86_64-debian-gcc 0.1.0 6.40 48.39 54.79 NOTE
r-devel-linux-x86_64-fedora-clang 0.1.0 92.63 NOTE
r-devel-linux-x86_64-fedora-gcc 0.1.0 99.50 NOTE
r-devel-windows-x86_64 0.1.0 18.00 101.00 119.00 NOTE
r-patched-linux-x86_64 0.1.0 7.93 66.08 74.01 NOTE
r-release-linux-x86_64 0.1.0 5.31 66.32 71.63 NOTE
r-release-macos-arm64 0.1.0 25.00 NOTE
r-release-macos-x86_64 0.1.0 45.00 NOTE
r-release-windows-x86_64 0.1.0 16.00 112.00 128.00 NOTE
r-oldrel-macos-arm64 0.1.0 28.00 NOTE
r-oldrel-macos-x86_64 0.1.0 44.00 NOTE
r-oldrel-windows-ix86+x86_64 0.1.0 21.00 115.00 136.00 NOTE

Check Details

Version: 0.1.0
Check: LazyData
Result: NOTE
     'LazyData' is specified without a 'data' directory
Flavors: r-devel-linux-x86_64-debian-clang, r-devel-linux-x86_64-debian-gcc, r-devel-linux-x86_64-fedora-clang, r-devel-linux-x86_64-fedora-gcc, r-devel-windows-x86_64, r-patched-linux-x86_64, r-release-linux-x86_64, r-release-macos-arm64, r-release-macos-x86_64, r-release-windows-x86_64, r-oldrel-macos-arm64, r-oldrel-macos-x86_64, r-oldrel-windows-ix86+x86_64