CRAN Package Check Results for Package dynprog

Last updated on 2022-12-05 09:51:17 CET.

Flavor Version Tinstall Tcheck Ttotal Status Flags
r-devel-linux-x86_64-debian-clang 0.1.1 2.11 24.11 26.22 NOTE
r-devel-linux-x86_64-debian-gcc 0.1.1 1.59 19.42 21.01 NOTE
r-devel-linux-x86_64-fedora-clang 0.1.1 44.45 NOTE
r-devel-linux-x86_64-fedora-gcc 0.1.1 42.86 NOTE
r-devel-windows-x86_64 0.1.1 12.00 52.00 64.00 NOTE
r-patched-linux-x86_64 0.1.1 2.02 23.21 25.23 NOTE
r-release-linux-x86_64 0.1.1 1.58 23.74 25.32 NOTE
r-release-macos-arm64 0.1.1 15.00 NOTE
r-release-macos-x86_64 0.1.1 23.00 NOTE
r-release-windows-x86_64 0.1.1 11.00 51.00 62.00 NOTE
r-oldrel-macos-arm64 0.1.1 17.00 NOTE
r-oldrel-macos-x86_64 0.1.1 27.00 NOTE
r-oldrel-windows-ix86+x86_64 0.1.1 6.00 47.00 53.00 NOTE

Check Details

Version: 0.1.1
Check: LazyData
Result: NOTE
     'LazyData' is specified without a 'data' directory
Flavors: r-devel-linux-x86_64-debian-clang, r-devel-linux-x86_64-debian-gcc, r-devel-linux-x86_64-fedora-clang, r-devel-linux-x86_64-fedora-gcc, r-devel-windows-x86_64, r-patched-linux-x86_64, r-release-linux-x86_64, r-release-macos-arm64, r-release-macos-x86_64, r-release-windows-x86_64, r-oldrel-macos-arm64, r-oldrel-macos-x86_64, r-oldrel-windows-ix86+x86_64