CRAN Package Check Results for Package dynparam

Last updated on 2022-11-28 09:50:43 CET.

Flavor Version Tinstall Tcheck Ttotal Status Flags
r-devel-linux-x86_64-debian-clang 1.0.2 12.00 114.64 126.64 NOTE
r-devel-linux-x86_64-debian-gcc 1.0.2 10.14 84.21 94.35 NOTE
r-devel-linux-x86_64-fedora-clang 1.0.2 166.15 NOTE
r-devel-linux-x86_64-fedora-gcc 1.0.2 157.89 NOTE
r-devel-windows-x86_64 1.0.2 26.00 134.00 160.00 NOTE
r-patched-linux-x86_64 1.0.2 10.49 103.34 113.83 NOTE
r-release-linux-x86_64 1.0.2 11.72 105.49 117.21 NOTE
r-release-macos-arm64 1.0.2 43.00 NOTE
r-release-macos-x86_64 1.0.2 89.00 NOTE
r-release-windows-x86_64 1.0.2 39.00 135.00 174.00 NOTE
r-oldrel-macos-arm64 1.0.2 46.00 NOTE
r-oldrel-macos-x86_64 1.0.2 81.00 NOTE
r-oldrel-windows-ix86+x86_64 1.0.2 27.00 125.00 152.00 NOTE

Check Details

Version: 1.0.2
Check: LazyData
Result: NOTE
     'LazyData' is specified without a 'data' directory
Flavors: r-devel-linux-x86_64-debian-clang, r-devel-linux-x86_64-debian-gcc, r-devel-linux-x86_64-fedora-clang, r-devel-linux-x86_64-fedora-gcc, r-devel-windows-x86_64, r-patched-linux-x86_64, r-release-linux-x86_64, r-release-macos-arm64, r-release-macos-x86_64, r-release-windows-x86_64, r-oldrel-macos-arm64, r-oldrel-macos-x86_64, r-oldrel-windows-ix86+x86_64