CRAN Package Check Results for Package dynfeature

Last updated on 2022-11-29 09:52:13 CET.

Flavor Version Tinstall Tcheck Ttotal Status Flags
r-devel-linux-x86_64-debian-clang 1.0.0 12.36 333.77 346.13 OK
r-devel-linux-x86_64-debian-gcc 1.0.0 8.98 221.67 230.65 OK
r-devel-linux-x86_64-fedora-clang 1.0.0 397.13 NOTE
r-devel-linux-x86_64-fedora-gcc 1.0.0 370.28 NOTE
r-devel-windows-x86_64 1.0.0 17.00 316.00 333.00 OK
r-patched-linux-x86_64 1.0.0 11.95 273.99 285.94 OK
r-release-linux-x86_64 1.0.0 11.60 285.75 297.35 OK
r-release-macos-arm64 1.0.0 119.00 NOTE
r-release-macos-x86_64 1.0.0 181.00 NOTE
r-release-windows-x86_64 1.0.0 27.00 308.00 335.00 OK
r-oldrel-macos-arm64 1.0.0 146.00 NOTE
r-oldrel-macos-x86_64 1.0.0 147.00 NOTE
r-oldrel-windows-ix86+x86_64 1.0.0 29.00 316.00 345.00 OK

Check Details

Version: 1.0.0
Check: dependencies in R code
Result: NOTE
    Namespace in Imports field not imported from: ‘magrittr’
     All declared Imports should be used.
Flavors: r-devel-linux-x86_64-fedora-clang, r-devel-linux-x86_64-fedora-gcc, r-release-macos-arm64, r-release-macos-x86_64, r-oldrel-macos-arm64, r-oldrel-macos-x86_64