CRAN Package Check Results for Package duawranglr

Last updated on 2022-12-01 09:55:06 CET.

Flavor Version Tinstall Tcheck Ttotal Status Flags
r-devel-linux-x86_64-debian-clang 0.6.7 3.03 37.86 40.89 OK
r-devel-linux-x86_64-debian-gcc 0.6.7 2.34 29.68 32.02 OK
r-devel-linux-x86_64-fedora-clang 0.6.7 60.64 NOTE
r-devel-linux-x86_64-fedora-gcc 0.6.7 58.35 NOTE
r-devel-windows-x86_64 0.6.7 22.00 83.00 105.00 OK
r-patched-linux-x86_64 0.6.7 1.97 35.15 37.12 OK
r-release-linux-x86_64 0.6.7 2.06 35.34 37.40 OK
r-release-macos-arm64 0.6.7 22.00 NOTE
r-release-macos-x86_64 0.6.7 31.00 NOTE
r-release-windows-x86_64 0.6.7 16.00 87.00 103.00 OK
r-oldrel-macos-arm64 0.6.7 25.00 NOTE
r-oldrel-macos-x86_64 0.6.7 32.00 NOTE
r-oldrel-windows-ix86+x86_64 0.6.7 8.00 64.00 72.00 OK

Check Details

Version: 0.6.7
Check: dependencies in R code
Result: NOTE
    Namespaces in Imports field not imported from:
     ‘digest’ ‘dplyr’
     All declared Imports should be used.
Flavors: r-devel-linux-x86_64-fedora-clang, r-devel-linux-x86_64-fedora-gcc, r-release-macos-arm64, r-release-macos-x86_64, r-oldrel-macos-arm64, r-oldrel-macos-x86_64