CRAN Package Check Results for Package dtpcrm

Last updated on 2022-08-12 10:52:16 CEST.

Flavor Version Tinstall Tcheck Ttotal Status Flags
r-devel-linux-x86_64-debian-clang 0.1.1 2.77 62.12 64.89 NOTE
r-devel-linux-x86_64-debian-gcc 0.1.1 2.23 48.26 50.49 NOTE
r-devel-linux-x86_64-fedora-clang 0.1.1 92.48 NOTE
r-devel-linux-x86_64-fedora-gcc 0.1.1 94.54 NOTE
r-devel-windows-x86_64 0.1.1 15.00 129.00 144.00 NOTE
r-patched-linux-x86_64 0.1.1 3.47 64.34 67.81 NOTE
r-release-linux-x86_64 0.1.1 2.58 64.29 66.87 NOTE
r-release-macos-arm64 0.1.1 29.00 NOTE
r-release-macos-x86_64 0.1.1 44.00 NOTE
r-release-windows-x86_64 0.1.1 16.00 130.00 146.00 NOTE
r-oldrel-macos-arm64 0.1.1 34.00 NOTE
r-oldrel-macos-x86_64 0.1.1 61.00 NOTE
r-oldrel-windows-ix86+x86_64 0.1.1 6.00 122.00 128.00 NOTE

Check Details

Version: 0.1.1
Check: LazyData
Result: NOTE
     'LazyData' is specified without a 'data' directory
Flavors: r-devel-linux-x86_64-debian-clang, r-devel-linux-x86_64-debian-gcc, r-devel-linux-x86_64-fedora-clang, r-devel-linux-x86_64-fedora-gcc, r-devel-windows-x86_64, r-patched-linux-x86_64, r-release-linux-x86_64, r-release-macos-arm64, r-release-macos-x86_64, r-release-windows-x86_64, r-oldrel-macos-arm64, r-oldrel-macos-x86_64, r-oldrel-windows-ix86+x86_64