CRAN Package Check Results for Package dslabs

Last updated on 2024-06-22 11:49:13 CEST.

Flavor Version Tinstall Tcheck Ttotal Status Flags
r-devel-linux-x86_64-debian-clang 0.8.0 4.57 31.28 35.85 OK
r-devel-linux-x86_64-debian-gcc 0.8.0 3.44 23.95 27.39 OK
r-devel-linux-x86_64-fedora-clang 0.8.0 43.87 NOTE
r-devel-linux-x86_64-fedora-gcc 0.8.0 45.38 NOTE
r-devel-windows-x86_64 0.8.0 6.00 52.00 58.00 OK
r-patched-linux-x86_64 0.8.0 5.33 29.01 34.34 OK
r-release-linux-x86_64 0.8.0 4.26 29.11 33.37 OK
r-release-macos-arm64 0.8.0 19.00 OK
r-release-macos-x86_64 0.8.0 28.00 OK
r-release-windows-x86_64 0.8.0 6.00 52.00 58.00 OK
r-oldrel-macos-arm64 0.8.0 26.00 OK
r-oldrel-macos-x86_64 0.8.0 32.00 OK
r-oldrel-windows-x86_64 0.8.0 7.00 54.00 61.00 OK

Check Details

Version: 0.8.0
Check: data for non-ASCII characters
Result: NOTE Note: found 4891 marked UTF-8 strings Flavors: r-devel-linux-x86_64-fedora-clang, r-devel-linux-x86_64-fedora-gcc