Last updated on 2023-03-29 09:50:47 CEST.
Flavor | Version | Tinstall | Tcheck | Ttotal | Status | Flags |
---|---|---|---|---|---|---|
r-devel-linux-x86_64-debian-clang | 3.0-1 | 19.35 | 190.33 | 209.68 | NOTE | |
r-devel-linux-x86_64-debian-gcc | 3.0-1 | 19.63 | 143.76 | 163.39 | NOTE | |
r-devel-linux-x86_64-fedora-clang | 3.0-1 | 264.57 | NOTE | |||
r-devel-linux-x86_64-fedora-gcc | 3.0-1 | 253.64 | NOTE | |||
r-devel-windows-x86_64 | 3.0-1 | 89.00 | 0.00 | 89.00 | NOTE | |
r-patched-linux-x86_64 | 3.0-1 | 23.53 | 186.07 | 209.60 | NOTE | |
r-release-linux-x86_64 | 3.0-1 | 17.69 | 178.34 | 196.03 | OK | |
r-release-macos-arm64 | 3.0-1 | 62.00 | OK | |||
r-release-macos-x86_64 | 3.0-1 | 113.00 | OK | |||
r-release-windows-x86_64 | 3.0-1 | 76.00 | 236.00 | 312.00 | OK | |
r-oldrel-macos-arm64 | 3.0-1 | 79.00 | OK | |||
r-oldrel-macos-x86_64 | 3.0-1 | 101.00 | OK | |||
r-oldrel-windows-ix86+x86_64 | 3.0-1 | 42.00 | 212.00 | 254.00 | OK |
Version: 3.0-1
Check: Rd files
Result: NOTE
checkRd: (-1) EDcomp.Rd:88: Escaped LaTeX specials: \&
checkRd: (-1) LL.4.Rd:44: Escaped LaTeX specials: \&
checkRd: (-1) W4.Rd:37: Escaped LaTeX specials: \&
checkRd: (-1) algae.Rd:32: Escaped LaTeX specials: \&
checkRd: (-1) anova.drc.Rd:40: Escaped LaTeX specials: \&
checkRd: (-1) deguelin.Rd:33: Escaped LaTeX specials: \&
checkRd: (-1) gompertz.Rd:55: Escaped LaTeX specials: \&
checkRd: (-1) hatvalues.drc.Rd:44: Escaped LaTeX specials: \&
checkRd: (-1) llogistic.Rd:64: Escaped LaTeX specials: \&
checkRd: (-1) modelFit.Rd:36: Escaped LaTeX specials: \&
checkRd: (-1) weibull1.Rd:67: Escaped LaTeX specials: \&
Flavors: r-devel-linux-x86_64-debian-clang, r-devel-linux-x86_64-debian-gcc, r-devel-linux-x86_64-fedora-clang, r-devel-linux-x86_64-fedora-gcc, r-devel-windows-x86_64, r-patched-linux-x86_64