Last updated on 2023-01-27 10:50:14 CET.
Flavor | Version | Tinstall | Tcheck | Ttotal | Status | Flags |
---|---|---|---|---|---|---|
r-devel-linux-x86_64-debian-clang | 0.3.0 | 26.44 | 134.21 | 160.65 | OK | |
r-devel-linux-x86_64-debian-gcc | 0.3.0 | 22.56 | 87.85 | 110.41 | NOTE | |
r-devel-linux-x86_64-fedora-clang | 0.3.0 | 224.40 | NOTE | |||
r-devel-linux-x86_64-fedora-gcc | 0.3.0 | 210.83 | NOTE | |||
r-devel-windows-x86_64 | 0.3.0 | 37.00 | 203.00 | 240.00 | OK | |
r-patched-linux-x86_64 | 0.3.0 | 24.47 | 131.58 | 156.05 | OK | |
r-release-linux-x86_64 | 0.3.0 | 24.47 | 132.91 | 157.38 | OK | |
r-release-macos-arm64 | 0.3.0 | 52.00 | OK | |||
r-release-macos-x86_64 | 0.3.0 | 95.00 | OK | |||
r-release-windows-x86_64 | 0.3.0 | 35.00 | 212.00 | 247.00 | OK | |
r-oldrel-macos-arm64 | 0.3.0 | 65.00 | OK | |||
r-oldrel-macos-x86_64 | 0.3.0 | 123.00 | OK | |||
r-oldrel-windows-ix86+x86_64 | 0.3.0 | 72.00 | 243.00 | 315.00 | OK |
Version: 0.3.0
Check: C++ specification
Result: NOTE
Specified C++11: please update to current default of C++17
Flavors: r-devel-linux-x86_64-debian-gcc, r-devel-linux-x86_64-fedora-gcc
Version: 0.3.0
Check: Rd cross-references
Result: NOTE
Undeclared package ‘sitmo’ in Rd xrefs
Flavor: r-devel-linux-x86_64-fedora-clang