CRAN Package Check Results for Package dparser

Last updated on 2024-07-13 10:48:42 CEST.

Flavor Version Tinstall Tcheck Ttotal Status Flags
r-devel-linux-x86_64-debian-clang 1.3.1-11 15.42 41.08 56.50 NOTE
r-devel-linux-x86_64-debian-gcc 1.3.1-11 12.97 31.42 44.39 NOTE
r-devel-linux-x86_64-fedora-clang 1.3.1-11 73.72 NOTE
r-devel-linux-x86_64-fedora-gcc 1.3.1-11 75.00 NOTE
r-devel-windows-x86_64 1.3.1-11 20.00 68.00 88.00 NOTE
r-patched-linux-x86_64 1.3.1-11 15.09 39.14 54.23 OK
r-release-linux-x86_64 1.3.1-11 16.14 40.25 56.39 OK
r-release-macos-arm64 1.3.1-11 26.00 OK
r-release-macos-x86_64 1.3.1-11 37.00 OK
r-release-windows-x86_64 1.3.1-11 21.00 68.00 89.00 OK
r-oldrel-macos-arm64 1.3.1-11 47.00 OK
r-oldrel-macos-x86_64 1.3.1-11 88.00 OK
r-oldrel-windows-x86_64 1.3.1-11 20.00 78.00 98.00 OK

Check Details

Version: 1.3.1-11
Check: compiled code
Result: NOTE File ‘dparser/libs/dparser.so’: Found non-API call to R: ‘SET_TYPEOF’ Compiled code should not call non-API entry points in R. See ‘Writing portable packages’ in the ‘Writing R Extensions’ manual, and section ‘Moving into C API compliance’ for issues with the use of non-API entry points. Flavors: r-devel-linux-x86_64-debian-clang, r-devel-linux-x86_64-debian-gcc, r-devel-linux-x86_64-fedora-clang, r-devel-linux-x86_64-fedora-gcc

Version: 1.3.1-11
Check: compiled code
Result: NOTE File 'dparser/libs/x64/dparser.dll': Found non-API call to R: 'SET_TYPEOF' Compiled code should not call non-API entry points in R. See 'Writing portable packages' in the 'Writing R Extensions' manual, and section 'Moving into C API compliance' for issues with the use of non-API entry points. Flavor: r-devel-windows-x86_64