CRAN Package Check Results for Package doremi

Last updated on 2022-11-28 09:50:43 CET.

Flavor Version Tinstall Tcheck Ttotal Status Flags
r-devel-linux-x86_64-debian-clang 1.0.0 16.93 335.38 352.31 NOTE
r-devel-linux-x86_64-debian-gcc 1.0.0 13.08 236.30 249.38 NOTE
r-devel-linux-x86_64-fedora-clang 1.0.0 412.92 NOTE
r-devel-linux-x86_64-fedora-gcc 1.0.0 397.68 NOTE
r-devel-windows-x86_64 1.0.0 28.00 329.00 357.00 NOTE
r-patched-linux-x86_64 1.0.0 15.69 298.15 313.84 OK
r-release-linux-x86_64 1.0.0 14.19 287.58 301.77 OK
r-release-macos-arm64 1.0.0 131.00 NOTE
r-release-macos-x86_64 1.0.0 193.00 NOTE
r-release-windows-x86_64 1.0.0 26.00 349.00 375.00 OK
r-oldrel-macos-arm64 1.0.0 183.00 NOTE
r-oldrel-macos-x86_64 1.0.0 201.00 NOTE
r-oldrel-windows-ix86+x86_64 1.0.0 32.00 341.00 373.00 OK

Check Details

Version: 1.0.0
Check: package subdirectories
Result: NOTE
    Problems with news in 'NEWS.md':
     Cannot extract version info from the following section titles:
     New features
Flavors: r-devel-linux-x86_64-debian-clang, r-devel-linux-x86_64-debian-gcc, r-devel-linux-x86_64-fedora-clang, r-devel-linux-x86_64-fedora-gcc, r-devel-windows-x86_64

Version: 1.0.0
Check: dependencies in R code
Result: NOTE
    Namespace in Imports field not imported from: ‘gridExtra’
     All declared Imports should be used.
Flavors: r-devel-linux-x86_64-fedora-clang, r-devel-linux-x86_64-fedora-gcc, r-release-macos-arm64, r-release-macos-x86_64, r-oldrel-macos-arm64, r-oldrel-macos-x86_64