CRAN Package Check Results for Package dkanr

Last updated on 2022-12-05 09:51:16 CET.

Flavor Version Tinstall Tcheck Ttotal Status Flags
r-devel-linux-x86_64-debian-clang 0.1.3 2.85 77.83 80.68 NOTE
r-devel-linux-x86_64-debian-gcc 0.1.3 2.06 59.34 61.40 NOTE
r-devel-linux-x86_64-fedora-clang 0.1.3 109.24 NOTE
r-devel-linux-x86_64-fedora-gcc 0.1.3 119.77 NOTE
r-devel-windows-x86_64 0.1.3 38.00 139.00 177.00 NOTE
r-patched-linux-x86_64 0.1.3 4.31 76.37 80.68 NOTE
r-release-linux-x86_64 0.1.3 4.05 75.36 79.41 NOTE
r-release-macos-arm64 0.1.3 35.00 NOTE
r-release-macos-x86_64 0.1.3 59.00 NOTE
r-release-windows-x86_64 0.1.3 221.00 132.00 353.00 NOTE
r-oldrel-macos-arm64 0.1.3 38.00 NOTE
r-oldrel-macos-x86_64 0.1.3 61.00 NOTE
r-oldrel-windows-ix86+x86_64 0.1.3 7.00 132.00 139.00 NOTE

Check Details

Version: 0.1.3
Check: LazyData
Result: NOTE
     'LazyData' is specified without a 'data' directory
Flavors: r-devel-linux-x86_64-debian-clang, r-devel-linux-x86_64-debian-gcc, r-devel-linux-x86_64-fedora-clang, r-devel-linux-x86_64-fedora-gcc, r-devel-windows-x86_64, r-patched-linux-x86_64, r-release-linux-x86_64, r-release-macos-arm64, r-release-macos-x86_64, r-release-windows-x86_64, r-oldrel-macos-arm64, r-oldrel-macos-x86_64, r-oldrel-windows-ix86+x86_64