CRAN Package Check Results for Package diversityForest

Last updated on 2022-12-08 10:53:18 CET.

Flavor Version Tinstall Tcheck Ttotal Status Flags
r-devel-linux-x86_64-debian-clang 0.3.4 168.15 131.36 299.51 NOTE
r-devel-linux-x86_64-debian-gcc 0.3.4 127.88 112.08 239.96 NOTE
r-devel-linux-x86_64-fedora-clang 0.3.4 429.91 NOTE
r-devel-linux-x86_64-fedora-gcc 0.3.4 396.70 NOTE
r-devel-windows-x86_64 0.3.4 221.00 235.00 456.00 NOTE
r-patched-linux-x86_64 0.3.4 145.28 124.05 269.33 NOTE
r-release-linux-x86_64 0.3.4 134.76 124.55 259.31 NOTE
r-release-macos-arm64 0.3.4 86.00 NOTE
r-release-macos-x86_64 0.3.4 122.00 NOTE
r-release-windows-x86_64 0.3.4 137.00 183.00 320.00 NOTE
r-oldrel-macos-arm64 0.3.4 83.00 NOTE
r-oldrel-macos-x86_64 0.3.4 118.00 NOTE
r-oldrel-windows-ix86+x86_64 0.3.4 363.00 213.00 576.00 NOTE

Check Details

Version: 0.3.4
Check: package dependencies
Result: NOTE
    Package suggested but not available for checking: 'BOLTSSIRR'
Flavors: r-devel-linux-x86_64-debian-clang, r-devel-linux-x86_64-debian-gcc, r-devel-linux-x86_64-fedora-clang, r-devel-linux-x86_64-fedora-gcc, r-devel-windows-x86_64, r-patched-linux-x86_64, r-release-linux-x86_64, r-release-macos-arm64, r-release-macos-x86_64, r-release-windows-x86_64, r-oldrel-macos-arm64, r-oldrel-macos-x86_64, r-oldrel-windows-ix86+x86_64

Version: 0.3.4
Check: installed package size
Result: NOTE
     installed size is 9.3Mb
     sub-directories of 1Mb or more:
     libs 8.9Mb
Flavors: r-release-macos-arm64, r-release-macos-x86_64, r-oldrel-macos-arm64, r-oldrel-macos-x86_64