Last updated on 2022-06-29 10:55:14 CEST.
Flavor | Version | Tinstall | Tcheck | Ttotal | Status | Flags |
---|---|---|---|---|---|---|
r-devel-linux-x86_64-debian-clang | 2.8.0 | 8.66 | 77.79 | 86.45 | OK | |
r-devel-linux-x86_64-debian-gcc | 2.8.0 | 6.08 | 59.55 | 65.63 | OK | |
r-devel-linux-x86_64-fedora-clang | 2.8.0 | 114.54 | OK | |||
r-devel-linux-x86_64-fedora-gcc | 2.8.0 | 118.50 | OK | |||
r-devel-windows-x86_64 | 2.8.0 | 30.00 | 103.00 | 133.00 | OK | |
r-patched-linux-x86_64 | 2.8.0 | 9.15 | 75.76 | 84.91 | OK | |
r-release-linux-x86_64 | 2.8.0 | 8.58 | 76.96 | 85.54 | OK | |
r-release-macos-arm64 | 2.8.0 | 31.00 | OK | |||
r-release-macos-x86_64 | 2.8.0 | 45.00 | NOTE | |||
r-release-windows-x86_64 | 2.8.0 | 32.00 | 98.00 | 130.00 | OK | |
r-oldrel-macos-arm64 | 2.8.0 | 37.00 | OK | |||
r-oldrel-macos-x86_64 | 2.8.0 | 63.00 | OK | |||
r-oldrel-windows-ix86+x86_64 | 2.8.0 | 21.00 | 96.00 | 117.00 | OK |
Version: 2.8.0
Check: package dependencies
Result: NOTE
Package suggested but not available for checking: ‘distrEx’
Flavor: r-release-macos-x86_64