CRAN Package Check Results for Package disdat

Last updated on 2022-01-16 10:48:29 CET.

Flavor Version Tinstall Tcheck Ttotal Status Flags
r-devel-linux-x86_64-debian-clang 1.0-0 1.97 61.01 62.98 OK
r-devel-linux-x86_64-debian-gcc 1.0-0 2.15 47.01 49.16 OK
r-devel-linux-x86_64-fedora-clang 1.0-0 78.42 NOTE
r-devel-linux-x86_64-fedora-gcc 1.0-0 66.16 OK
r-devel-windows-x86_64-new-UL 1.0-0 58.00 92.00 150.00 NOTE
r-devel-windows-x86_64-new-TK 1.0-0 ERROR
r-patched-linux-x86_64 1.0-0 2.58 58.03 60.61 OK
r-release-linux-x86_64 1.0-0 OK
r-release-macos-arm64 1.0-0 NOTE
r-release-macos-x86_64 1.0-0 NOTE
r-release-windows-ix86+x86_64 1.0-0 6.00 74.00 80.00 NOTE
r-oldrel-macos-x86_64 1.0-0 NOTE
r-oldrel-windows-ix86+x86_64 1.0-0 7.00 74.00 81.00 NOTE

Check Details

Version: 1.0-0
Check: installed package size
Result: NOTE
     installed size is 5.7Mb
     sub-directories of 1Mb or more:
     extdata 4.2Mb
Flavors: r-devel-linux-x86_64-fedora-clang, r-devel-windows-x86_64-new-UL, r-release-macos-arm64, r-release-macos-x86_64, r-release-windows-ix86+x86_64, r-oldrel-macos-x86_64, r-oldrel-windows-ix86+x86_64

Version: 1.0-0
Check: examples
Result: ERROR
    Running examples in 'disdat-Ex.R' failed
    The error most likely occurred in:
    
    > ### Name: AWT
    > ### Title: Australian Wet Tropics species distribution data
    > ### Aliases: AWT
    > ### Keywords: datasets
    >
    > ### ** Examples
    >
    > awt_po <- disPo("AWT")
    > awt_bg <- disBg("AWT")
    >
    > awt_pa_plant <- disPa("AWT", "plant")
    > awt_env_plant <- disEnv("AWT", "plant")
    > awt_pa_bird <- disPa("AWT", "bird")
    > awt_env_bird <- disEnv("AWT", "bird")
    >
    >
    > # Or all in one list
    > awt <- disData("AWT")
    Error in rbind(deparse.level, ...) :
     numbers of columns of arguments do not match
    Calls: disData -> do.call -> <Anonymous> -> rbind
    Execution halted
Flavor: r-devel-windows-x86_64-new-TK