CRAN Package Check Results for Package discoverableresearch

Last updated on 2023-02-07 10:53:53 CET.

Flavor Version Tinstall Tcheck Ttotal Status Flags
r-devel-linux-x86_64-debian-clang 0.0.1 3.11 47.75 50.86 OK
r-devel-linux-x86_64-debian-gcc 0.0.1 2.17 35.65 37.82 OK
r-devel-linux-x86_64-fedora-clang 0.0.1 65.95 NOTE
r-devel-linux-x86_64-fedora-gcc 0.0.1 75.67 NOTE
r-devel-windows-x86_64 0.0.1 107.00 83.00 190.00 OK
r-patched-linux-x86_64 0.0.1 2.95 44.70 47.65 OK
r-release-linux-x86_64 0.0.1 2.90 47.05 49.95 OK
r-release-macos-arm64 0.0.1 24.00 NOTE
r-release-macos-x86_64 0.0.1 46.00 NOTE
r-release-windows-x86_64 0.0.1 75.00 88.00 163.00 OK
r-oldrel-macos-arm64 0.0.1 32.00 NOTE
r-oldrel-macos-x86_64 0.0.1 46.00 NOTE
r-oldrel-windows-ix86+x86_64 0.0.1 7.00 81.00 88.00 OK

Check Details

Version: 0.0.1
Check: dependencies in R code
Result: NOTE
    Namespaces in Imports field not imported from:
     ‘dplyr’ ‘readr’
     All declared Imports should be used.
Flavors: r-devel-linux-x86_64-fedora-clang, r-devel-linux-x86_64-fedora-gcc, r-release-macos-arm64, r-release-macos-x86_64, r-oldrel-macos-arm64, r-oldrel-macos-x86_64