CRAN Package Check Results for Package dfpk

Last updated on 2022-12-03 10:51:18 CET.

Flavor Version Tinstall Tcheck Ttotal Status Flags
r-devel-linux-x86_64-debian-clang 3.5.1 190.25 131.52 321.77 NOTE
r-devel-linux-x86_64-debian-gcc 3.5.1 176.12 103.61 279.73 NOTE
r-devel-linux-x86_64-fedora-clang 3.5.1 422.10 NOTE
r-devel-linux-x86_64-fedora-gcc 3.5.1 481.26 NOTE
r-devel-windows-x86_64 3.5.1 145.00 213.00 358.00 NOTE
r-patched-linux-x86_64 3.5.1 144.27 130.42 274.69 NOTE
r-release-linux-x86_64 3.5.1 142.11 128.90 271.01 NOTE
r-release-macos-arm64 3.5.1 125.00 NOTE
r-release-macos-x86_64 3.5.1 232.00 NOTE
r-release-windows-x86_64 3.5.1 172.00 213.00 385.00 NOTE
r-oldrel-macos-arm64 3.5.1 147.00 NOTE
r-oldrel-macos-x86_64 3.5.1 261.00 NOTE
r-oldrel-windows-ix86+x86_64 3.5.1 436.00 231.00 667.00 NOTE

Check Details

Version: 3.5.1
Check: for GNU extensions in Makefiles
Result: NOTE
    GNU make is a SystemRequirements.
Flavors: r-devel-linux-x86_64-debian-clang, r-devel-linux-x86_64-debian-gcc, r-devel-linux-x86_64-fedora-clang, r-devel-linux-x86_64-fedora-gcc, r-devel-windows-x86_64, r-patched-linux-x86_64, r-release-linux-x86_64, r-release-macos-arm64, r-release-macos-x86_64, r-release-windows-x86_64, r-oldrel-macos-arm64, r-oldrel-macos-x86_64, r-oldrel-windows-ix86+x86_64

Version: 3.5.1
Check: installed package size
Result: NOTE
     installed size is 6.1Mb
     sub-directories of 1Mb or more:
     libs 5.4Mb
Flavors: r-devel-linux-x86_64-fedora-clang, r-release-macos-arm64, r-release-macos-x86_64, r-oldrel-macos-arm64, r-oldrel-macos-x86_64, r-oldrel-windows-ix86+x86_64