CRAN Package Check Results for Package detrendr

Last updated on 2022-12-08 10:53:18 CET.

Flavor Version Tinstall Tcheck Ttotal Status Flags
r-devel-linux-x86_64-debian-clang 0.6.14 138.79 137.28 276.07 NOTE
r-devel-linux-x86_64-debian-gcc 0.6.14 105.86 111.90 217.76 NOTE
r-devel-linux-x86_64-fedora-clang 0.6.14 397.69 NOTE
r-devel-linux-x86_64-fedora-gcc 0.6.14 363.95 NOTE
r-devel-windows-x86_64 0.6.14 136.00 200.00 336.00 NOTE
r-patched-linux-x86_64 0.6.14 98.80 126.96 225.76 NOTE
r-release-linux-x86_64 0.6.14 84.15 127.25 211.40 NOTE
r-release-macos-arm64 0.6.14 86.00 NOTE
r-release-macos-x86_64 0.6.14 147.00 NOTE
r-release-windows-x86_64 0.6.14 137.00 178.00 315.00 NOTE
r-oldrel-macos-arm64 0.6.14 125.00 NOTE
r-oldrel-macos-x86_64 0.6.14 172.00 NOTE
r-oldrel-windows-ix86+x86_64 0.6.14 354.00 218.00 572.00 NOTE

Check Details

Version: 0.6.14
Check: for GNU extensions in Makefiles
Result: NOTE
    GNU make is a SystemRequirements.
Flavors: r-devel-linux-x86_64-debian-clang, r-devel-linux-x86_64-debian-gcc, r-devel-linux-x86_64-fedora-clang, r-devel-linux-x86_64-fedora-gcc, r-devel-windows-x86_64, r-patched-linux-x86_64, r-release-linux-x86_64, r-release-macos-arm64, r-release-macos-x86_64, r-release-windows-x86_64, r-oldrel-macos-arm64, r-oldrel-macos-x86_64, r-oldrel-windows-ix86+x86_64

Version: 0.6.14
Check: installed package size
Result: NOTE
     installed size is 5.7Mb
     sub-directories of 1Mb or more:
     libs 4.5Mb
Flavor: r-oldrel-macos-arm64