CRAN Package Check Results for Package describer

Last updated on 2022-11-28 09:50:43 CET.

Flavor Version Tinstall Tcheck Ttotal Status Flags
r-devel-linux-x86_64-debian-clang 0.2.0 1.95 22.36 24.31 NOTE
r-devel-linux-x86_64-debian-gcc 0.2.0 1.61 17.96 19.57 NOTE
r-devel-linux-x86_64-fedora-clang 0.2.0 42.07 NOTE
r-devel-linux-x86_64-fedora-gcc 0.2.0 39.08 NOTE
r-devel-windows-x86_64 0.2.0 13.00 50.00 63.00 NOTE
r-patched-linux-x86_64 0.2.0 1.52 21.50 23.02 NOTE
r-release-linux-x86_64 0.2.0 1.51 22.05 23.56 NOTE
r-release-macos-arm64 0.2.0 15.00 NOTE
r-release-macos-x86_64 0.2.0 20.00 NOTE
r-release-windows-x86_64 0.2.0 10.00 51.00 61.00 NOTE
r-oldrel-macos-arm64 0.2.0 18.00 NOTE
r-oldrel-macos-x86_64 0.2.0 27.00 NOTE
r-oldrel-windows-ix86+x86_64 0.2.0 4.00 43.00 47.00 NOTE

Check Details

Version: 0.2.0
Check: LazyData
Result: NOTE
     'LazyData' is specified without a 'data' directory
Flavors: r-devel-linux-x86_64-debian-clang, r-devel-linux-x86_64-debian-gcc, r-devel-linux-x86_64-fedora-clang, r-devel-linux-x86_64-fedora-gcc, r-devel-windows-x86_64, r-patched-linux-x86_64, r-release-linux-x86_64, r-release-macos-arm64, r-release-macos-x86_64, r-release-windows-x86_64, r-oldrel-macos-arm64, r-oldrel-macos-x86_64, r-oldrel-windows-ix86+x86_64