CRAN Package Check Results for Package derivmkts

Last updated on 2022-12-08 10:53:18 CET.

Flavor Version Tinstall Tcheck Ttotal Status Flags
r-devel-linux-x86_64-debian-clang 0.2.5 4.95 64.35 69.30 NOTE
r-devel-linux-x86_64-debian-gcc 0.2.5 3.18 57.53 60.71 NOTE
r-devel-linux-x86_64-fedora-clang 0.2.5 101.24 NOTE
r-devel-linux-x86_64-fedora-gcc 0.2.5 107.28 NOTE
r-devel-windows-x86_64 0.2.5 43.00 157.00 200.00 NOTE
r-patched-linux-x86_64 0.2.5 4.25 61.67 65.92 OK
r-release-linux-x86_64 0.2.5 4.53 63.05 67.58 OK
r-release-macos-arm64 0.2.5 36.00 OK
r-release-macos-x86_64 0.2.5 38.00 OK
r-release-windows-x86_64 0.2.5 45.00 136.00 181.00 OK
r-oldrel-macos-arm64 0.2.5 28.00 OK
r-oldrel-macos-x86_64 0.2.5 38.00 OK
r-oldrel-windows-ix86+x86_64 0.2.5 10.00 102.00 112.00 OK

Check Details

Version: 0.2.5
Check: Rd files
Result: NOTE
    checkRd: (-1) barriers.Rd:127: Escaped LaTeX specials: \$
Flavors: r-devel-linux-x86_64-debian-clang, r-devel-linux-x86_64-debian-gcc, r-devel-linux-x86_64-fedora-clang, r-devel-linux-x86_64-fedora-gcc, r-devel-windows-x86_64