Last updated on 2023-02-07 10:53:53 CET.
Flavor | Version | Tinstall | Tcheck | Ttotal | Status | Flags |
---|---|---|---|---|---|---|
r-devel-linux-x86_64-debian-clang | 1.0.4 | 5.27 | 42.50 | 47.77 | NOTE | |
r-devel-linux-x86_64-debian-gcc | 1.0.4 | 4.22 | 30.82 | 35.04 | NOTE | |
r-devel-linux-x86_64-fedora-clang | 1.0.4 | 59.49 | NOTE | |||
r-devel-linux-x86_64-fedora-gcc | 1.0.4 | 56.55 | NOTE | |||
r-devel-windows-x86_64 | 1.0.4 | 20.00 | 63.00 | 83.00 | NOTE | |
r-patched-linux-x86_64 | 1.0.4 | 4.15 | 40.97 | 45.12 | OK | |
r-release-linux-x86_64 | 1.0.4 | 4.06 | 41.08 | 45.14 | OK | |
r-release-macos-arm64 | 1.0.4 | 18.00 | OK | |||
r-release-macos-x86_64 | 1.0.4 | 26.00 | OK | |||
r-release-windows-x86_64 | 1.0.4 | 15.00 | 69.00 | 84.00 | OK | |
r-oldrel-macos-arm64 | 1.0.4 | 25.00 | OK | |||
r-oldrel-macos-x86_64 | 1.0.4 | 26.00 | OK | |||
r-oldrel-windows-ix86+x86_64 | 1.0.4 | 11.00 | 63.00 | 74.00 | OK |
Version: 1.0.4
Check: package subdirectories
Result: NOTE
Problems with news in ‘NEWS.md’:
No news entries found.
Flavors: r-devel-linux-x86_64-debian-clang, r-devel-linux-x86_64-debian-gcc, r-devel-linux-x86_64-fedora-clang, r-devel-linux-x86_64-fedora-gcc, r-devel-windows-x86_64