CRAN Package Check Results for Package dccmidas

Last updated on 2024-02-24 09:50:25 CET.

Flavor Version Tinstall Tcheck Ttotal Status Flags
r-devel-linux-x86_64-debian-clang 0.1.2 62.58 116.62 179.20 OK
r-devel-linux-x86_64-debian-gcc 0.1.2 44.29 88.97 133.26 OK
r-devel-linux-x86_64-fedora-clang 0.1.2 246.51 OK
r-devel-linux-x86_64-fedora-gcc 0.1.2 232.71 OK
r-devel-windows-x86_64 0.1.0 44.00 116.00 160.00 NOTE
r-patched-linux-x86_64 0.1.0 41.94 110.49 152.43 NOTE
r-release-linux-x86_64 0.1.0 37.18 107.68 144.86 NOTE
r-release-macos-arm64 0.1.2 70.00 OK
r-release-macos-x86_64 0.1.2 108.00 OK
r-release-windows-x86_64 0.1.2 49.00 150.00 199.00 OK
r-oldrel-macos-arm64 0.1.2 57.00 OK
r-oldrel-windows-x86_64 0.1.2 43.00 150.00 193.00 OK

Check Details

Version: 0.1.0
Check: C++ specification
Result: NOTE Specified C++11: please drop specification unless essential Flavors: r-devel-windows-x86_64, r-patched-linux-x86_64, r-release-linux-x86_64

Version: 0.1.0
Check: Rd \usage sections
Result: NOTE Documented arguments not in \usage in Rd file 'a_dcc_mat_est.Rd': 'param' Documented arguments not in \usage in Rd file 'dcc_mat_est.Rd': 'param' Documented arguments not in \usage in Rd file 'deco_mat_est.Rd': 'param' Functions with \usage entries need to have the appropriate \alias entries, and all their arguments documented. The \usage entries must correspond to syntactically valid R code. See chapter 'Writing R documentation files' in the 'Writing R Extensions' manual. Flavor: r-devel-windows-x86_64