Last updated on 2023-01-30 10:51:56 CET.
Flavor | Version | Tinstall | Tcheck | Ttotal | Status | Flags |
---|---|---|---|---|---|---|
r-devel-linux-x86_64-debian-clang | 1.1-11 | 156.58 | 102.23 | 258.81 | OK | |
r-devel-linux-x86_64-debian-gcc | 1.1-11 | 114.01 | 77.51 | 191.52 | NOTE | |
r-devel-linux-x86_64-fedora-clang | 1.1-11 | 407.63 | NOTE | |||
r-devel-linux-x86_64-fedora-gcc | 1.1-11 | 373.19 | NOTE | |||
r-devel-windows-x86_64 | 1.1-11 | 169.00 | 200.00 | 369.00 | NOTE | |
r-patched-linux-x86_64 | 1.1-11 | 136.81 | 97.52 | 234.33 | OK | |
r-release-linux-x86_64 | 1.1-11 | 144.71 | 96.35 | 241.06 | OK | |
r-release-macos-arm64 | 1.1-11 | 102.00 | NOTE | |||
r-release-macos-x86_64 | 1.1-11 | 145.00 | NOTE | |||
r-release-windows-x86_64 | 1.1-11 | 151.00 | 196.00 | 347.00 | OK | |
r-oldrel-macos-arm64 | 1.1-11 | 95.00 | NOTE | |||
r-oldrel-macos-x86_64 | 1.1-11 | 153.00 | NOTE | |||
r-oldrel-windows-ix86+x86_64 | 1.1-11 | 382.00 | 195.00 | 577.00 | NOTE |
Version: 1.1-11
Check: C++ specification
Result: NOTE
Specified C++11: please update to current default of C++17
Flavors: r-devel-linux-x86_64-debian-gcc, r-devel-linux-x86_64-fedora-clang, r-devel-linux-x86_64-fedora-gcc, r-devel-windows-x86_64
Version: 1.1-11
Check: installed package size
Result: NOTE
installed size is 9.7Mb
sub-directories of 1Mb or more:
doc 2.6Mb
libs 6.5Mb
Flavors: r-release-macos-arm64, r-release-macos-x86_64, r-oldrel-macos-arm64, r-oldrel-macos-x86_64, r-oldrel-windows-ix86+x86_64