Last updated on 2022-05-27 10:53:45 CEST.
Flavor | Version | Tinstall | Tcheck | Ttotal | Status | Flags |
---|---|---|---|---|---|---|
r-devel-linux-x86_64-debian-clang | 0.4.0 | 5.94 | 117.09 | 123.03 | OK | |
r-devel-linux-x86_64-debian-gcc | 0.4.0 | 5.47 | 93.36 | 98.83 | OK | |
r-devel-linux-x86_64-fedora-clang | 0.4.0 | 152.13 | NOTE | |||
r-devel-linux-x86_64-fedora-gcc | 0.4.0 | 147.52 | NOTE | |||
r-devel-windows-x86_64 | 0.4.0 | 36.00 | 138.00 | 174.00 | OK | |
r-patched-linux-x86_64 | 0.4.0 | 6.07 | 112.89 | 118.96 | OK | |
r-release-linux-x86_64 | 0.4.0 | 5.01 | 112.90 | 117.91 | OK | |
r-release-macos-arm64 | 0.4.0 | 58.00 | NOTE | |||
r-release-macos-x86_64 | 0.4.0 | 85.00 | NOTE | |||
r-release-windows-x86_64 | 0.4.0 | 37.00 | 136.00 | 173.00 | OK | |
r-oldrel-macos-arm64 | 0.4.0 | 41.00 | NOTE | |||
r-oldrel-macos-x86_64 | 0.4.0 | 61.00 | NOTE | |||
r-oldrel-windows-ix86+x86_64 | 0.4.0 | 18.00 | 132.00 | 150.00 | OK |
Version: 0.4.0
Check: data for non-ASCII characters
Result: NOTE
Note: found 54314 marked UTF-8 strings
Flavors: r-devel-linux-x86_64-fedora-clang, r-devel-linux-x86_64-fedora-gcc, r-release-macos-arm64, r-release-macos-x86_64, r-oldrel-macos-arm64, r-oldrel-macos-x86_64