CRAN Package Check Results for Package datelife

Last updated on 2022-11-26 10:00:39 CET.

Flavor Version Tinstall Tcheck Ttotal Status Flags
r-devel-linux-x86_64-debian-clang 0.6.5 21.10 97.83 118.93 OK
r-devel-linux-x86_64-debian-gcc 0.6.5 20.24 73.42 93.66 OK
r-devel-linux-x86_64-fedora-clang 0.6.5 160.42 NOTE
r-devel-windows-x86_64 0.6.5 96.00 165.00 261.00 OK
r-patched-linux-x86_64 0.6.5 OK
r-release-linux-x86_64 0.6.5 22.22 85.76 107.98 OK
r-release-macos-arm64 0.6.5 58.00 NOTE
r-release-macos-x86_64 0.6.5 68.00 NOTE
r-release-windows-x86_64 0.6.5 80.00 140.00 220.00 OK
r-oldrel-macos-arm64 0.6.5 42.00 NOTE
r-oldrel-macos-x86_64 0.6.5 67.00 NOTE
r-oldrel-windows-ix86+x86_64 0.6.5 37.00 119.00 156.00 OK

Check Details

Version: 0.6.5
Check: package dependencies
Result: NOTE
    Package suggested but not available for checking: ‘msa’
    
    Imports includes 21 non-default packages.
    Importing from so many packages makes the package vulnerable to any of
    them becoming unavailable. Move as many as possible to Suggests and
    use conditionally.
Flavor: r-devel-linux-x86_64-fedora-clang

Version: 0.6.5
Check: data for non-ASCII characters
Result: NOTE
     Note: found 2596 marked UTF-8 strings
Flavors: r-devel-linux-x86_64-fedora-clang, r-release-macos-arm64, r-release-macos-x86_64, r-oldrel-macos-arm64, r-oldrel-macos-x86_64

Version: 0.6.5
Check: package dependencies
Result: NOTE
    Package suggested but not available for checking: ‘msa’
Flavors: r-release-macos-arm64, r-release-macos-x86_64, r-oldrel-macos-arm64, r-oldrel-macos-x86_64