CRAN Package Check Results for Package datasailr

Last updated on 2022-11-29 09:52:12 CET.

Flavor Version Tinstall Tcheck Ttotal Status Flags
r-devel-linux-x86_64-debian-clang 0.8.11 92.64 37.00 129.64 NOTE
r-devel-linux-x86_64-debian-gcc 0.8.11 72.20 29.41 101.61 NOTE
r-devel-linux-x86_64-fedora-clang 0.8.11 186.96 NOTE
r-devel-linux-x86_64-fedora-gcc 0.8.11 180.90 NOTE
r-devel-windows-x86_64 0.8.11 212.00 88.00 300.00 NOTE
r-patched-linux-x86_64 0.8.11 74.11 35.14 109.25 NOTE
r-release-linux-x86_64 0.8.11 74.94 36.43 111.37 NOTE
r-release-macos-arm64 0.8.11 142.00 NOTE
r-release-macos-x86_64 0.8.11 102.00 NOTE
r-release-windows-x86_64 0.8.11 128.00 99.00 227.00 NOTE
r-oldrel-macos-arm64 0.8.11 135.00 NOTE
r-oldrel-macos-x86_64 0.8.11 101.00 NOTE
r-oldrel-windows-ix86+x86_64 0.8.11 167.00 87.00 254.00 NOTE

Check Details

Version: 0.8.11
Check: for GNU extensions in Makefiles
Result: NOTE
    GNU make is a SystemRequirements.
Flavors: r-devel-linux-x86_64-debian-clang, r-devel-linux-x86_64-debian-gcc, r-devel-linux-x86_64-fedora-clang, r-devel-linux-x86_64-fedora-gcc, r-devel-windows-x86_64, r-patched-linux-x86_64, r-release-linux-x86_64, r-release-macos-arm64, r-release-macos-x86_64, r-release-windows-x86_64, r-oldrel-macos-arm64, r-oldrel-macos-x86_64, r-oldrel-windows-ix86+x86_64

Version: 0.8.11
Check: installed package size
Result: NOTE
     installed size is 5.0Mb
     sub-directories of 1Mb or more:
     libs 4.6Mb
Flavors: r-release-macos-arm64, r-release-macos-x86_64, r-oldrel-macos-arm64, r-oldrel-macos-x86_64