Last updated on 2023-03-26 09:57:12 CEST.
Flavor | Version | Tinstall | Tcheck | Ttotal | Status | Flags |
---|---|---|---|---|---|---|
r-devel-linux-x86_64-debian-clang | 2.18.2 | 10.67 | 148.67 | 159.34 | NOTE | |
r-devel-linux-x86_64-debian-gcc | 2.18.2 | 9.74 | 111.48 | 121.22 | NOTE | |
r-devel-linux-x86_64-fedora-gcc | 2.18.2 | 221.39 | NOTE | |||
r-patched-linux-x86_64 | 2.18.2 | 16.39 | 143.23 | 159.62 | NOTE | |
r-release-linux-x86_64 | 2.18.2 | 13.20 | 131.05 | 144.25 | NOTE | |
r-release-macos-arm64 | 2.18.2 | 105.00 | OK | |||
r-release-macos-x86_64 | 2.18.2 | 143.00 | OK | |||
r-release-windows-x86_64 | 2.18.2 | 18.00 | 230.00 | 248.00 | OK | |
r-oldrel-macos-arm64 | 2.18.2 | 133.00 | OK | |||
r-oldrel-macos-x86_64 | 2.18.2 | 144.00 | OK | |||
r-oldrel-windows-ix86+x86_64 | 2.18.2 | 20.00 | 166.00 | 186.00 | OK |
Version: 2.18.2
Check: package dependencies
Result: NOTE
Package suggested but not available for checking: ‘stubthat’
Flavors: r-devel-linux-x86_64-debian-clang, r-devel-linux-x86_64-debian-gcc, r-devel-linux-x86_64-fedora-gcc, r-patched-linux-x86_64, r-release-linux-x86_64