CRAN Package Check Results for Package dataquieR

Last updated on 2024-07-22 09:49:02 CEST.

Flavor Version Tinstall Tcheck Ttotal Status Flags
r-devel-linux-x86_64-debian-clang 2.1.0 47.29 493.75 541.04 OK
r-devel-linux-x86_64-debian-gcc 2.1.0 43.16 353.56 396.72 NOTE
r-devel-linux-x86_64-fedora-clang 2.1.0 710.39 OK
r-devel-linux-x86_64-fedora-gcc 2.1.0 653.17 OK
r-devel-windows-x86_64 2.1.0 64.00 347.00 411.00 NOTE
r-patched-linux-x86_64 2.1.0 64.37 465.07 529.44 OK
r-release-linux-x86_64 2.1.0 31.73 467.09 498.82 OK
r-release-macos-arm64 2.1.0 166.00 OK
r-release-macos-x86_64 2.1.0 241.00 OK
r-release-windows-x86_64 2.1.0 62.00 342.00 404.00 OK
r-oldrel-macos-arm64 2.1.0 180.00 OK
r-oldrel-macos-x86_64 2.1.0 404.00 OK
r-oldrel-windows-x86_64 2.1.0 79.00 418.00 497.00 OK

Check Details

Version: 2.1.0
Check: Rd cross-references
Result: NOTE Found the following Rd file(s) with Rd \link{} targets missing package anchors: acc_distributions.Rd: ggplot acc_distributions_loc.Rd: ggplot acc_distributions_loc_ecdf.Rd: ggplot acc_distributions_only.Rd: ggplot acc_distributions_only_ecdf.Rd: ggplot acc_distributions_prop.Rd: ggplot acc_multivariate_outlier.Rd: ggplot2 acc_robust_univariate_outlier.Rd: ggplot acc_shape_or_scale.Rd: ggplot2 acc_univariate_outlier.Rd: ggplot con_contradictions.Rd: ggplot con_contradictions_redcap.Rd: ggplot con_limit_deviations.Rd: ggplot des_scatterplot_matrix.Rd: ggplot int_datatype_matrix.Rd: ggplot2 prep_render_pie_chart_from_summaryclasses_ggplot2.Rd: ggplot2 pro_applicability_matrix.Rd: ggplot2 util_heatmap_1th.Rd: ggplot util_plot_figure_no_plotly.Rd: ggplot2 util_plot_figure_plotly.Rd: ggplot2 util_set_size.Rd: ggplot Please provide package anchors for all Rd \link{} targets not in the package itself and the base packages. Flavors: r-devel-linux-x86_64-debian-gcc, r-devel-windows-x86_64