CRAN Package Check Results for Package dadjokeapi

Last updated on 2022-11-26 10:00:39 CET.

Flavor Version Tinstall Tcheck Ttotal Status Flags
r-devel-linux-x86_64-debian-clang 1.0.2 4.85 47.74 52.59 NOTE
r-devel-linux-x86_64-debian-gcc 1.0.2 3.24 36.04 39.28 NOTE
r-devel-linux-x86_64-fedora-clang 1.0.2 74.87 NOTE
r-devel-windows-x86_64 1.0.2 18.00 76.00 94.00 NOTE
r-patched-linux-x86_64 1.0.2 NOTE
r-release-linux-x86_64 1.0.2 4.37 45.12 49.49 NOTE
r-release-macos-arm64 1.0.2 24.00 NOTE
r-release-macos-x86_64 1.0.2 40.00 NOTE
r-release-windows-x86_64 1.0.2 14.00 75.00 89.00 NOTE
r-oldrel-macos-arm64 1.0.2 31.00 NOTE
r-oldrel-macos-x86_64 1.0.2 40.00 NOTE
r-oldrel-windows-ix86+x86_64 1.0.2 12.00 67.00 79.00 NOTE

Check Details

Version: 1.0.2
Check: LazyData
Result: NOTE
     'LazyData' is specified without a 'data' directory
Flavors: r-devel-linux-x86_64-debian-clang, r-devel-linux-x86_64-debian-gcc, r-devel-linux-x86_64-fedora-clang, r-devel-windows-x86_64, r-patched-linux-x86_64, r-release-linux-x86_64, r-release-macos-arm64, r-release-macos-x86_64, r-release-windows-x86_64, r-oldrel-macos-arm64, r-oldrel-macos-x86_64, r-oldrel-windows-ix86+x86_64