Last updated on 2022-06-27 09:50:12 CEST.
Flavor | Version | Tinstall | Tcheck | Ttotal | Status | Flags |
---|---|---|---|---|---|---|
r-devel-linux-x86_64-debian-clang | 2.0 | 18.90 | 134.37 | 153.27 | OK | |
r-devel-linux-x86_64-debian-gcc | 2.0 | 13.43 | 99.13 | 112.56 | OK | |
r-devel-linux-x86_64-fedora-clang | 2.0 | 187.48 | WARN | |||
r-devel-linux-x86_64-fedora-gcc | 2.0 | 185.41 | WARN | |||
r-devel-windows-x86_64 | 2.0 | 24.00 | 144.00 | 168.00 | OK | |
r-patched-linux-x86_64 | 2.0 | 15.49 | 124.83 | 140.32 | OK | |
r-release-linux-x86_64 | 2.0 | 15.36 | 127.82 | 143.18 | OK | |
r-release-macos-arm64 | 2.0 | 49.00 | NOTE | |||
r-release-macos-x86_64 | 2.0 | 87.00 | NOTE | |||
r-release-windows-x86_64 | 2.0 | 25.00 | 144.00 | 169.00 | OK | |
r-oldrel-macos-arm64 | 2.0 | 48.00 | NOTE | |||
r-oldrel-macos-x86_64 | 2.0 | 66.00 | NOTE | |||
r-oldrel-windows-ix86+x86_64 | 2.0 | 41.00 | 145.00 | 186.00 | OK |
Version: 2.0
Check: package dependencies
Result: WARN
Requires (indirectly) orphaned package: ‘gtools’
Flavors: r-devel-linux-x86_64-fedora-clang, r-devel-linux-x86_64-fedora-gcc
Version: 2.0
Check: data for non-ASCII characters
Result: NOTE
Note: found 281 marked UTF-8 strings
Flavors: r-devel-linux-x86_64-fedora-clang, r-devel-linux-x86_64-fedora-gcc, r-release-macos-arm64, r-release-macos-x86_64, r-oldrel-macos-arm64, r-oldrel-macos-x86_64