CRAN Package Check Results for Package d4storagehub4R

Last updated on 2024-07-13 10:48:41 CEST.

Flavor Version Tinstall Tcheck Ttotal Status Flags
r-devel-linux-x86_64-debian-clang 0.4-4 7.73 44.85 52.58 OK
r-devel-linux-x86_64-debian-gcc 0.4-4 5.19 33.31 38.50 OK
r-devel-linux-x86_64-fedora-clang 0.4-4 65.32 OK
r-devel-linux-x86_64-fedora-gcc 0.4-4 59.53 OK
r-devel-windows-x86_64 0.4-4 7.00 53.00 60.00 NOTE
r-patched-linux-x86_64 0.4-4 10.72 41.13 51.85 OK
r-release-linux-x86_64 0.4-4 5.34 42.28 47.62 OK
r-release-macos-arm64 0.4-4 23.00 OK
r-release-macos-x86_64 0.4-4 36.00 OK
r-release-windows-x86_64 0.4-4 6.00 54.00 60.00 OK
r-oldrel-macos-arm64 0.4-4 29.00 OK
r-oldrel-macos-x86_64 0.4-4 60.00 OK
r-oldrel-windows-x86_64 0.4-4 7.00 57.00 64.00 OK

Check Details

Version: 0.4-4
Check: Rd cross-references
Result: NOTE Found the following Rd file(s) with Rd \link{} targets missing package anchors: StoragehubManager.Rd: R6Class d4storagehub4RLogger.Rd: R6Class Please provide package anchors for all Rd \link{} targets not in the package itself and the base packages. Flavor: r-devel-windows-x86_64