Last updated on 2023-03-23 10:54:27 CET.
Flavor | Version | Tinstall | Tcheck | Ttotal | Status | Flags |
---|---|---|---|---|---|---|
r-devel-linux-x86_64-debian-clang | 0.2.2 | 6.12 | 47.11 | 53.23 | OK | |
r-devel-linux-x86_64-debian-gcc | 0.2.2 | 4.94 | 35.88 | 40.82 | OK | |
r-devel-linux-x86_64-fedora-clang | 0.2.2 | 67.16 | NOTE | |||
r-devel-linux-x86_64-fedora-gcc | 0.2.2 | 61.30 | NOTE | |||
r-devel-windows-x86_64 | 0.2.2 | 28.00 | 76.00 | 104.00 | OK | |
r-patched-linux-x86_64 | 0.2.2 | 5.48 | 45.82 | 51.30 | OK | |
r-release-linux-x86_64 | 0.2.2 | 5.30 | 45.56 | 50.86 | OK | |
r-release-macos-arm64 | 0.2.2 | 22.00 | NOTE | |||
r-release-macos-x86_64 | 0.2.2 | 44.00 | NOTE | |||
r-release-windows-x86_64 | 0.2.2 | 29.00 | 76.00 | 105.00 | OK | |
r-oldrel-macos-arm64 | 0.2.2 | 28.00 | NOTE | |||
r-oldrel-macos-x86_64 | 0.2.2 | 41.00 | NOTE | |||
r-oldrel-windows-ix86+x86_64 | 0.2.2 | 14.00 | 72.00 | 86.00 | OK |
Version: 0.2.2
Check: dependencies in R code
Result: NOTE
Namespace in Imports field not imported from: ‘magrittr’
All declared Imports should be used.
Flavors: r-devel-linux-x86_64-fedora-clang, r-devel-linux-x86_64-fedora-gcc, r-release-macos-arm64, r-release-macos-x86_64, r-oldrel-macos-arm64, r-oldrel-macos-x86_64