CRAN Package Check Results for Package czso

Last updated on 2022-12-04 09:55:14 CET.

Flavor Version Tinstall Tcheck Ttotal Status Flags
r-devel-linux-x86_64-debian-clang 0.3.10 4.55 45.12 49.67 OK
r-devel-linux-x86_64-debian-gcc 0.3.10 2.95 35.20 38.15 OK
r-devel-linux-x86_64-fedora-clang 0.3.10 72.74 NOTE
r-devel-linux-x86_64-fedora-gcc 0.3.10 79.92 NOTE
r-devel-windows-x86_64 0.3.10 13.00 72.00 85.00 OK
r-patched-linux-x86_64 0.3.10 4.23 43.85 48.08 OK
r-release-linux-x86_64 0.3.10 4.38 44.28 48.66 OK
r-release-macos-arm64 0.3.10 23.00 NOTE
r-release-macos-x86_64 0.3.10 30.00 NOTE
r-release-windows-x86_64 0.3.10 27.00 82.00 109.00 OK
r-oldrel-macos-arm64 0.3.10 23.00 NOTE
r-oldrel-macos-x86_64 0.3.10 36.00 NOTE
r-oldrel-windows-ix86+x86_64 0.3.10 11.00 73.00 84.00 OK

Check Details

Version: 0.3.10
Check: dependencies in R code
Result: NOTE
    Namespace in Imports field not imported from: ‘stringi’
     All declared Imports should be used.
Flavors: r-devel-linux-x86_64-fedora-clang, r-devel-linux-x86_64-fedora-gcc, r-release-macos-arm64, r-release-macos-x86_64, r-oldrel-macos-arm64, r-oldrel-macos-x86_64