Last updated on 2023-02-03 09:55:27 CET.
Flavor | Version | Tinstall | Tcheck | Ttotal | Status | Flags |
---|---|---|---|---|---|---|
r-devel-linux-x86_64-debian-clang | 0.3.2 | 3.79 | 125.75 | 129.54 | NOTE | |
r-devel-linux-x86_64-debian-gcc | 0.3.2 | 4.06 | 93.44 | 97.50 | NOTE | |
r-devel-linux-x86_64-fedora-clang | 0.3.2 | 154.83 | NOTE | |||
r-devel-linux-x86_64-fedora-gcc | 0.3.2 | 144.30 | NOTE | |||
r-patched-linux-x86_64 | 0.3.2 | 6.37 | 119.33 | 125.70 | NOTE | |
r-release-linux-x86_64 | 0.3.2 | 4.57 | 119.38 | 123.95 | NOTE | |
r-release-macos-arm64 | 0.3.2 | 53.00 | NOTE | |||
r-release-macos-x86_64 | 0.3.2 | 58.00 | NOTE | |||
r-release-windows-x86_64 | 0.3.2 | 41.00 | 157.00 | 198.00 | NOTE | |
r-oldrel-macos-arm64 | 0.3.2 | 55.00 | NOTE | |||
r-oldrel-macos-x86_64 | 0.3.2 | 87.00 | NOTE | |||
r-oldrel-windows-ix86+x86_64 | 0.3.2 | 9.00 | 149.00 | 158.00 | NOTE |
Version: 0.3.2
Check: DESCRIPTION meta-information
Result: NOTE
Packages listed in more than one of Depends, Imports, Suggests, Enhances:
‘lattice’ ‘robustbase’
A package should be listed in only one of these fields.
Flavors: r-devel-linux-x86_64-debian-clang, r-devel-linux-x86_64-debian-gcc, r-devel-linux-x86_64-fedora-clang, r-devel-linux-x86_64-fedora-gcc, r-patched-linux-x86_64, r-release-linux-x86_64, r-release-macos-arm64, r-release-macos-x86_64, r-release-windows-x86_64, r-oldrel-macos-arm64, r-oldrel-macos-x86_64, r-oldrel-windows-ix86+x86_64