Last updated on 2023-01-27 10:50:13 CET.
Flavor | Version | Tinstall | Tcheck | Ttotal | Status | Flags |
---|---|---|---|---|---|---|
r-devel-linux-x86_64-debian-clang | 0.4 | 41.27 | 309.75 | 351.02 | OK | |
r-devel-linux-x86_64-debian-gcc | 0.4 | 37.33 | 223.99 | 261.32 | OK | |
r-devel-linux-x86_64-fedora-clang | 0.4 | 437.93 | NOTE | |||
r-devel-linux-x86_64-fedora-gcc | 0.4 | 435.20 | OK | |||
r-devel-windows-x86_64 | 0.4 | 41.00 | 306.00 | 347.00 | NOTE | |
r-patched-linux-x86_64 | 0.4 | 33.07 | 296.65 | 329.72 | OK | |
r-release-linux-x86_64 | 0.4 | 31.86 | 296.80 | 328.66 | OK | |
r-release-macos-arm64 | 0.4 | 100.00 | NOTE | |||
r-release-macos-x86_64 | 0.4 | 130.00 | NOTE | |||
r-release-windows-x86_64 | 0.4 | 40.00 | 278.00 | 318.00 | NOTE | |
r-oldrel-macos-arm64 | 0.4 | 93.00 | NOTE | |||
r-oldrel-macos-x86_64 | 0.4 | 122.00 | NOTE | |||
r-oldrel-windows-ix86+x86_64 | 0.4 | 90.00 | 298.00 | 388.00 | NOTE |
Version: 0.4
Check: installed package size
Result: NOTE
installed size is 5.8Mb
sub-directories of 1Mb or more:
data 5.7Mb
Flavors: r-devel-linux-x86_64-fedora-clang, r-devel-windows-x86_64, r-release-macos-arm64, r-release-macos-x86_64, r-release-windows-x86_64, r-oldrel-macos-arm64, r-oldrel-macos-x86_64, r-oldrel-windows-ix86+x86_64