CRAN Package Check Results for Package crsra

Last updated on 2022-12-09 10:00:18 CET.

Flavor Version Tinstall Tcheck Ttotal Status Flags
r-devel-linux-x86_64-debian-clang 0.2.3 13.69 124.37 138.06 OK
r-devel-linux-x86_64-debian-gcc 0.2.3 10.38 94.22 104.60 OK
r-devel-linux-x86_64-fedora-clang 0.2.3 179.40 NOTE
r-devel-linux-x86_64-fedora-gcc 0.2.3 183.94 NOTE
r-devel-windows-x86_64 0.2.3 24.00 150.00 174.00 OK
r-patched-linux-x86_64 0.2.3 16.92 113.52 130.44 OK
r-release-linux-x86_64 0.2.3 14.18 118.53 132.71 OK
r-release-macos-arm64 0.2.3 45.00 NOTE
r-release-macos-x86_64 0.2.3 105.00 NOTE
r-release-windows-x86_64 0.2.3 22.00 152.00 174.00 OK
r-oldrel-macos-arm64 0.2.3 63.00 NOTE
r-oldrel-macos-x86_64 0.2.3 86.00 NOTE
r-oldrel-windows-ix86+x86_64 0.2.3 27.00 141.00 168.00 OK

Check Details

Version: 0.2.3
Check: data for non-ASCII characters
Result: NOTE
     Note: found 500 marked UTF-8 strings
Flavors: r-devel-linux-x86_64-fedora-clang, r-devel-linux-x86_64-fedora-gcc, r-release-macos-arm64, r-release-macos-x86_64, r-oldrel-macos-arm64, r-oldrel-macos-x86_64