CRAN Package Check Results for Package crs

Last updated on 2022-11-28 09:50:42 CET.

Flavor Version Tinstall Tcheck Ttotal Status Flags
r-devel-linux-x86_64-debian-clang 0.15-36 282.89 242.84 525.73 OK
r-devel-linux-x86_64-debian-gcc 0.15-36 260.79 194.73 455.52 OK
r-devel-linux-x86_64-fedora-clang 0.15-36 842.57 OK
r-devel-linux-x86_64-fedora-gcc 0.15-36 762.07 OK
r-devel-windows-x86_64 0.15-36 279.00 250.00 529.00 OK --no-vignettes
r-patched-linux-x86_64 0.15-36 261.81 242.18 503.99 OK
r-release-linux-x86_64 0.15-36 263.92 237.22 501.14 OK
r-release-macos-arm64 0.15-36 276.00 NOTE
r-release-macos-x86_64 0.15-36 330.00 NOTE
r-release-windows-x86_64 0.15-36 263.00 194.00 457.00 OK --no-vignettes
r-oldrel-macos-arm64 0.15-36 278.00 NOTE
r-oldrel-macos-x86_64 0.15-36 339.00 NOTE
r-oldrel-windows-ix86+x86_64 0.15-36 657.00 249.00 906.00 NOTE --no-vignettes

Additional issues

M1mac

Check Details

Version: 0.15-36
Check: installed package size
Result: NOTE
     installed size is 28.3Mb
     sub-directories of 1Mb or more:
     libs 26.6Mb
Flavors: r-release-macos-arm64, r-release-macos-x86_64, r-oldrel-macos-arm64, r-oldrel-macos-x86_64

Version: 0.15-36
Flags: --no-vignettes
Check: installed package size
Result: NOTE
     installed size is 8.2Mb
     sub-directories of 1Mb or more:
     libs 6.6Mb
Flavor: r-oldrel-windows-ix86+x86_64