CRAN Package Check Results for Package crimelinkage

Last updated on 2022-01-18 10:17:11 CET.

Flavor Version Tinstall Tcheck Ttotal Status Flags
r-devel-linux-x86_64-debian-clang 0.0.4 4.92 95.64 100.56 NOTE
r-devel-linux-x86_64-debian-gcc 0.0.4 3.58 73.83 77.41 NOTE
r-devel-linux-x86_64-fedora-clang 0.0.4 118.81 NOTE
r-devel-linux-x86_64-fedora-gcc 0.0.4 108.10 NOTE
r-devel-windows-x86_64-new-UL 0.0.4 107.00 134.00 241.00 NOTE
r-devel-windows-x86_64-new-TK 0.0.4 NOTE
r-patched-linux-x86_64 0.0.4 4.12 50.65 54.77 NOTE
r-release-linux-x86_64 0.0.4 NOTE
r-release-macos-arm64 0.0.4 NOTE
r-release-macos-x86_64 0.0.4 NOTE
r-release-windows-ix86+x86_64 0.0.4 7.00 63.00 70.00 NOTE
r-oldrel-macos-x86_64 0.0.4 NOTE
r-oldrel-windows-ix86+x86_64 0.0.4 8.00 63.00 71.00 NOTE

Check Details

Version: 0.0.4
Check: DESCRIPTION meta-information
Result: NOTE
    BugReports field is not a suitable URL but contains an email address:
     use the Contact field instead
Flavors: r-devel-linux-x86_64-debian-clang, r-devel-linux-x86_64-debian-gcc, r-devel-linux-x86_64-fedora-clang, r-devel-linux-x86_64-fedora-gcc, r-devel-windows-x86_64-new-UL, r-devel-windows-x86_64-new-TK, r-patched-linux-x86_64, r-release-linux-x86_64, r-release-macos-arm64, r-release-macos-x86_64, r-release-windows-ix86+x86_64, r-oldrel-macos-x86_64, r-oldrel-windows-ix86+x86_64