CRAN Package Check Results for Package crassmat

Last updated on 2022-08-08 09:50:37 CEST.

Flavor Version Tinstall Tcheck Ttotal Status Flags
r-devel-linux-x86_64-debian-clang 0.0.6 2.18 24.13 26.31 OK
r-devel-linux-x86_64-debian-gcc 0.0.6 1.35 19.06 20.41 OK
r-devel-linux-x86_64-fedora-clang 0.0.6 43.14 OK
r-devel-linux-x86_64-fedora-gcc 0.0.6 42.47 OK
r-devel-windows-x86_64 0.0.6 10.00 52.00 62.00 OK
r-patched-linux-x86_64 0.0.6 1.98 23.69 25.67 OK
r-release-linux-x86_64 0.0.6 OK
r-release-macos-arm64 0.0.6 17.00 NOTE
r-release-macos-x86_64 0.0.6 21.00 OK
r-release-windows-x86_64 0.0.6 6.00 49.00 55.00 OK
r-oldrel-macos-arm64 0.0.6 23.00 OK
r-oldrel-macos-x86_64 0.0.6 26.00 OK
r-oldrel-windows-ix86+x86_64 0.0.6 6.00 43.00 49.00 OK

Check Details

Version: 0.0.6
Check: package dependencies
Result: NOTE
    Package suggested but not available for checking: ‘NMF’
Flavor: r-release-macos-arm64