CRAN Package Check Results for Package cqcr

Last updated on 2022-12-02 10:51:23 CET.

Flavor Version Tinstall Tcheck Ttotal Status Flags
r-devel-linux-x86_64-debian-clang 0.1.2 2.44 30.61 33.05 NOTE
r-devel-linux-x86_64-debian-gcc 0.1.2 1.75 23.81 25.56 NOTE
r-devel-linux-x86_64-fedora-clang 0.1.2 53.91 NOTE
r-devel-linux-x86_64-fedora-gcc 0.1.2 56.79 NOTE
r-devel-windows-x86_64 0.1.2 17.00 68.00 85.00 NOTE
r-patched-linux-x86_64 0.1.2 2.87 29.43 32.30 NOTE
r-release-linux-x86_64 0.1.2 1.56 29.52 31.08 NOTE
r-release-macos-arm64 0.1.2 16.00 NOTE
r-release-macos-x86_64 0.1.2 34.00 NOTE
r-release-windows-x86_64 0.1.2 17.00 68.00 85.00 NOTE
r-oldrel-macos-arm64 0.1.2 40.00 NOTE
r-oldrel-macos-x86_64 0.1.2 34.00 NOTE
r-oldrel-windows-ix86+x86_64 0.1.2 7.00 67.00 74.00 NOTE

Check Details

Version: 0.1.2
Check: LazyData
Result: NOTE
     'LazyData' is specified without a 'data' directory
Flavors: r-devel-linux-x86_64-debian-clang, r-devel-linux-x86_64-debian-gcc, r-devel-linux-x86_64-fedora-clang, r-devel-linux-x86_64-fedora-gcc, r-devel-windows-x86_64, r-patched-linux-x86_64, r-release-linux-x86_64, r-release-macos-arm64, r-release-macos-x86_64, r-release-windows-x86_64, r-oldrel-macos-arm64, r-oldrel-macos-x86_64, r-oldrel-windows-ix86+x86_64