CRAN Package Check Results for Package coxed

Last updated on 2022-12-07 10:49:56 CET.

Flavor Version Tinstall Tcheck Ttotal Status Flags
r-devel-linux-x86_64-debian-clang 0.3.3 19.38 208.19 227.57 OK
r-devel-linux-x86_64-debian-gcc 0.3.3 14.24 153.15 167.39 OK
r-devel-linux-x86_64-fedora-clang 0.3.3 295.25 NOTE
r-devel-linux-x86_64-fedora-gcc 0.3.3 285.16 NOTE
r-devel-windows-x86_64 0.3.3 153.00 249.00 402.00 OK
r-patched-linux-x86_64 0.3.3 23.65 195.11 218.76 OK
r-release-linux-x86_64 0.3.3 17.40 186.54 203.94 OK
r-release-macos-arm64 0.3.3 92.00 NOTE
r-release-macos-x86_64 0.3.3 135.00 NOTE
r-release-windows-x86_64 0.3.3 124.00 238.00 362.00 OK
r-oldrel-macos-arm64 0.3.3 99.00 NOTE
r-oldrel-macos-x86_64 0.3.3 146.00 NOTE
r-oldrel-windows-ix86+x86_64 0.3.3 38.00 244.00 282.00 OK

Check Details

Version: 0.3.3
Check: dependencies in R code
Result: NOTE
    Namespace in Imports field not imported from: ‘mediation’
     All declared Imports should be used.
Flavors: r-devel-linux-x86_64-fedora-clang, r-devel-linux-x86_64-fedora-gcc, r-release-macos-arm64, r-release-macos-x86_64, r-oldrel-macos-arm64, r-oldrel-macos-x86_64