CRAN Package Check Results for Package covid19sf

Last updated on 2022-01-21 10:53:53 CET.

Flavor Version Tinstall Tcheck Ttotal Status Flags
r-devel-linux-x86_64-debian-clang 0.1.2 5.39 43.32 48.71 OK
r-devel-linux-x86_64-debian-gcc 0.1.2 4.32 34.29 38.61 OK
r-devel-linux-x86_64-fedora-clang 0.1.2 59.73 NOTE
r-devel-linux-x86_64-fedora-gcc 0.1.2 48.46 NOTE
r-devel-windows-x86_64-new-UL 0.1.2 55.00 75.00 130.00 OK
r-devel-windows-x86_64-new-TK 0.1.2 NOTE
r-patched-linux-x86_64 0.1.2 4.50 42.28 46.78 OK
r-release-linux-x86_64 0.1.2 3.54 41.65 45.19 OK
r-release-macos-arm64 0.1.2 NOTE
r-release-macos-x86_64 0.1.2 NOTE
r-release-windows-ix86+x86_64 0.1.2 12.00 58.00 70.00 OK
r-oldrel-macos-x86_64 0.1.2 NOTE
r-oldrel-windows-ix86+x86_64 0.1.2 11.00 55.00 66.00 OK

Check Details

Version: 0.1.2
Check: dependencies in R code
Result: NOTE
    Namespaces in Imports field not imported from:
     ‘mapview’ ‘plotly’
     All declared Imports should be used.
Flavors: r-devel-linux-x86_64-fedora-clang, r-devel-linux-x86_64-fedora-gcc, r-devel-windows-x86_64-new-TK, r-release-macos-arm64, r-release-macos-x86_64, r-oldrel-macos-x86_64