CRAN Package Check Results for Package covid19br

Last updated on 2022-11-28 09:50:42 CET.

Flavor Version Tinstall Tcheck Ttotal Status Flags
r-devel-linux-x86_64-debian-clang 0.1.4 5.86 171.00 176.86 OK
r-devel-linux-x86_64-debian-gcc 0.1.4 4.77 128.96 133.73 OK
r-devel-linux-x86_64-fedora-clang 0.1.4 223.02 NOTE
r-devel-linux-x86_64-fedora-gcc 0.1.4 238.44 NOTE
r-devel-windows-x86_64 0.1.4 24.00 212.00 236.00 NOTE
r-patched-linux-x86_64 0.1.4 6.44 158.32 164.76 OK
r-release-linux-x86_64 0.1.4 5.23 148.25 153.48 OK
r-release-macos-arm64 0.1.4 101.00 NOTE
r-release-macos-x86_64 0.1.4 169.00 NOTE
r-release-windows-x86_64 0.1.4 24.00 314.00 338.00 ERROR
r-oldrel-macos-arm64 0.1.4 94.00 NOTE
r-oldrel-macos-x86_64 0.1.4 127.00 NOTE
r-oldrel-windows-ix86+x86_64 0.1.4 16.00 241.00 257.00 NOTE

Check Details

Version: 0.1.4
Check: installed package size
Result: NOTE
     installed size is 6.5Mb
     sub-directories of 1Mb or more:
     doc 6.3Mb
Flavors: r-devel-linux-x86_64-fedora-clang, r-devel-windows-x86_64, r-release-macos-arm64, r-release-macos-x86_64, r-release-windows-x86_64, r-oldrel-macos-arm64, r-oldrel-macos-x86_64, r-oldrel-windows-ix86+x86_64

Version: 0.1.4
Check: data for non-ASCII characters
Result: NOTE
     Note: found 2385 marked UTF-8 strings
Flavors: r-devel-linux-x86_64-fedora-clang, r-devel-linux-x86_64-fedora-gcc, r-release-macos-arm64, r-release-macos-x86_64, r-oldrel-macos-arm64, r-oldrel-macos-x86_64

Version: 0.1.4
Check: tests
Result: ERROR
     Running 'testthat.R' [107s]
    Running the tests in 'tests/testthat.R' failed.
    Complete output:
     > library(testthat)
     > library(covid19br)
     >
     > test_check("covid19br")
     [ FAIL 1 | WARN 0 | SKIP 0 | PASS 0 ]
    
     ══ Failed tests ════════════════════════════════════════════════════════════════
     ── Error ('test_covid19br.R:17'): (code run outside of `test_that()`) ──────────
     Error in `UseMethod("filter")`: no applicable method for 'filter' applied to an object of class "try-error"
     Backtrace:
     ▆
     1. ├─regions %>% filter(date == max(date)) %>% add_geo() %>% ... at test_covid19br.R:17:0
     2. ├─covid19br::add_epi_rates(.)
     3. │ └─data %>% ...
     4. ├─dplyr::mutate(...)
     5. ├─covid19br::add_geo(.)
     6. └─dplyr::filter(., date == max(date))
    
     [ FAIL 1 | WARN 0 | SKIP 0 | PASS 0 ]
     Error: Test failures
     Execution halted
Flavor: r-release-windows-x86_64