CRAN Package Check Results for Package correlationfunnel

Last updated on 2022-11-27 09:53:25 CET.

Flavor Version Tinstall Tcheck Ttotal Status Flags
r-devel-linux-x86_64-debian-clang 0.2.0 15.26 198.78 214.04 OK
r-devel-linux-x86_64-debian-gcc 0.2.0 12.42 146.83 159.25 OK
r-devel-linux-x86_64-fedora-clang 0.2.0 287.59 NOTE
r-devel-linux-x86_64-fedora-gcc 0.2.0 310.14 NOTE
r-devel-windows-x86_64 0.2.0 49.00 215.00 264.00 OK
r-patched-linux-x86_64 0.2.0 17.96 183.22 201.18 OK
r-release-linux-x86_64 0.2.0 14.48 181.08 195.56 OK
r-release-macos-arm64 0.2.0 74.00 NOTE
r-release-macos-x86_64 0.2.0 127.00 NOTE
r-release-windows-x86_64 0.2.0 79.00 224.00 303.00 OK
r-oldrel-macos-arm64 0.2.0 105.00 NOTE
r-oldrel-macos-x86_64 0.2.0 121.00 NOTE
r-oldrel-windows-ix86+x86_64 0.2.0 39.00 217.00 256.00 OK

Check Details

Version: 0.2.0
Check: dependencies in R code
Result: NOTE
    Namespace in Imports field not imported from: ‘utils’
     All declared Imports should be used.
Flavors: r-devel-linux-x86_64-fedora-clang, r-devel-linux-x86_64-fedora-gcc, r-release-macos-arm64, r-release-macos-x86_64, r-oldrel-macos-arm64, r-oldrel-macos-x86_64