CRAN Package Check Results for Package coronavirus

Last updated on 2022-11-29 09:52:11 CET.

Flavor Version Tinstall Tcheck Ttotal Status Flags
r-devel-linux-x86_64-debian-clang 0.3.32 12.17 56.55 68.72 OK
r-devel-linux-x86_64-debian-gcc 0.3.32 12.31 44.78 57.09 OK
r-devel-linux-x86_64-fedora-clang 0.3.32 108.34 NOTE
r-devel-linux-x86_64-fedora-gcc 0.3.32 112.29 NOTE
r-devel-windows-x86_64 0.3.32 21.00 88.00 109.00 OK
r-patched-linux-x86_64 0.3.32 16.19 53.38 69.57 OK
r-release-linux-x86_64 0.3.32 13.01 56.00 69.01 OK
r-release-macos-arm64 0.3.32 33.00 NOTE
r-release-macos-x86_64 0.3.32 48.00 NOTE
r-release-windows-x86_64 0.3.32 26.00 89.00 115.00 OK
r-oldrel-macos-arm64 0.3.32 32.00 NOTE
r-oldrel-macos-x86_64 0.3.32 46.00 NOTE
r-oldrel-windows-ix86+x86_64 0.3.32 25.00 84.00 109.00 OK

Check Details

Version: 0.3.32
Check: data for non-ASCII characters
Result: NOTE
     Note: found 6 marked UTF-8 strings
Flavors: r-devel-linux-x86_64-fedora-clang, r-devel-linux-x86_64-fedora-gcc, r-release-macos-arm64, r-release-macos-x86_64, r-oldrel-macos-arm64, r-oldrel-macos-x86_64